Calculate the remainder when 25600 is divided by 582.
574
Calculate the remainder when 1456609 is divided by 51.
49
Calculate the remainder when 98535 is divided by 347.
334
Calculate the remainder when 10771 is divided by 2660.
131
Calculate the remainder when 716503 is divided by 285.
13
Calculate the remainder when 11983 is divided by 181.
37
Calculate the remainder when 359829 is divided by 132.
129
What is the remainder when 2416851 is divided by 345263?
10
What is the remainder when 34215 is divided by 796?
783
What is the remainder when 595550 is divided by 253?
241
What is the remainder when 113886 is divided by 999?
0
Calculate the remainder when 47009 is divided by 1741.
2
Calculate the remainder when 16659 is divided by 19.
15
Calculate the remainder when 2155 is divided by 8.
3
What is the remainder when 738 is divided by 25?
13
What is the remainder when 1319 is divided by 117?
32
What is the remainder when 99358 is divided by 3547?
42
Calculate the remainder when 26729 is divided by 2053.
40
What is the remainder when 100798 is divided by 100793?
5
Calculate the remainder when 1178 is divided by 691.
487
Calculate the remainder when 18503 is divided by 257.
256
Calculate the remainder when 3664 is divided by 84.
52
What is the remainder when 8803 is divided by 1206?
361
What is the remainder when 5503 is divided by 916?
7
What is the remainder when 587700 is divided by 1348?
1320
Calculate the remainder when 9055 is divided by 16.
15
What is the remainder when 228260 is divided by 596?
588
Calculate the remainder when 2874199 is divided by 347.
345
What is the remainder when 287004 is divided by 89?
68
Calculate the remainder when 33901 is divided by 13.
10
Calculate the remainder when 151714 is divided by 98.
10
Calculate the remainder when 22919 is divided by 22.
17
What is the remainder when 5762 is divided by 31?
27
What is the remainder when 21808 is divided by 82?
78
What is the remainder when 6735 is divided by 3362?
11
What is the remainder when 3535655 is divided by 113?
111
Calculate the remainder when 244311 is divided by 21.
18
Calculate the remainder when 1152882 is divided by 37.
36
Calculate the remainder when 41438 is divided by 6903.
20
Calculate the remainder when 29191 is divided by 143.
19
Calculate the remainder when 70919 is divided by 90.
89
What is the remainder when 96795 is divided by 17?
14
What is the remainder when 1901 is divided by 523?
332
Calculate the remainder when 2677502 is divided by 53.
48
What is the remainder when 34097 is divided by 174?
167
What is the remainder when 335531 is divided by 49?
28
What is the remainder when 10739 is divided by 131?
128
Calculate the remainder when 242554 is divided by 32.
26
What is the remainder when 917 is divided by 166?
87
Calculate the remainder when 242831 is divided by 39.
17
Calculate the remainder when 493496 is divided by 50.
46
What is the remainder when 11312 is divided by 65?
2
Calculate the remainder when 6142 is divided by 48.
46
What is the remainder when 234412 is divided by 36?
16
Calculate the remainder when 33561 is divided by 2395.
31
What is the remainder when 1336 is divided by 203?
118
Calculate the remainder when 943 is divided by 234.
7
What is the remainder when 848 is divided by 395?
58
Calculate the remainder when 360 is divided by 120.
0
What is the remainder when 52219 is divided by 17384?
67
Calculate the remainder when 1788 is divided by 28.
24
What is the remainder when 1187 is divided by 50?
37
Calculate the remainder when 2125 is divided by 67.
48
What is the remainder when 14481 is divided by 14467?
14
Calculate the remainder when 1322 is divided by 1250.
72
Calculate the remainder when 10474 is divided by 87.
34
What is the remainder when 1067 is divided by 21?
17
Calculate the remainder when 16140 is divided by 849.
9
Calculate the remainder when 1727 is divided by 336.
47
Calculate the remainder when 9929 is divided by 382.
379
What is the remainder when 19532 is divided by 2655?
947
Calculate the remainder when 23014 is divided by 10.
4
Calculate the remainder when 64098 is divided by 144.
18
What is the remainder when 23345 is divided by 2918?
1
Calculate the remainder when 1000 is divided by 343.
314
Calculate the remainder when 2256 is divided by 778.
700
Calculate the remainder when 2709 is divided by 54.
9
Calculate the remainder when 6107 is divided by 142.
1
What is the remainder when 129935 is divided by 18?
11
Calculate the remainder when 26993 is divided by 5.
3
What is the remainder when 5199 is divided by 16?
15
Calculate the remainder when 5269 is divided by 1738.
55
What is the remainder when 408 is divided by 405?
3
What is the remainder when 29901 is divided by 5854?
631
What is the remainder when 21878 is divided by 243?
8
Calculate the remainder when 4637 is divided by 330.
17
What is the remainder when 113189 is divided by 105?
104
What is the remainder when 293352 is divided by 1431?
1428
Calculate the remainder when 3617 is divided by 408.
353
Calculate the remainder when 25802 is divided by 3684.
14
What is the remainder when 99537 is divided by 15?
12
Calculate the remainder when 7641 is divided by 29.
14
What is the remainder when 26732 is divided by 13325?
82
What is the remainder when 3677 is divided by 368?
365
Calculate the remainder when 1899757 is divided by 8.
5
What is the remainder when 69565 is divided by 14?
13
Calculate the remainder when 26127 is divided by 304.
287
Calculate the remainder when 536 is divided by 431.
105
What is the remainder when 13937 is divided by 4640?
17
What is the remainder when 140580 is divided by 15620?
0
What is the remainder when 7016 is divided by 1717?
148
Calculate the remainder when 44587 is divided by 381.
10
What is the remainder when 4550 is divided by 152?
142
Calculate the remainder when 2591 is divided by 22.
17
What is the remainder when 13890 is divided by 6397?
1096
What is the remainder when 81978 is divided by 21?
15
What is the remainder when 5767 is divided by 132?
91
Calculate the remainder when 114548 is divided by 38182.
2
Calculate the remainder when 129053 is divided by 100.
53
Calculate the remainder when 49828 is divided by 114.
10
What is the remainder when 11436 is divided by 5711?
14
Calculate the remainder when 17968 is divided by 582.
508
What is the remainder when 54833 is divided by 517?
31
What is the remainder when 163779 is divided by 32748?
39
Calculate the remainder when 12089 is divided by 144.
137
Calculate the remainder when 1042 is divided by 53.
35
What is the remainder when 3530 is divided by 5?
0
Calculate the remainder when 287066 is divided by 320.
26
What is the remainder when 17498 is divided by 14?
12
Calculate the remainder when 932 is divided by 149.
38
Calculate the remainder when 21093 is divided by 480.
453
What is the remainder when 9403 is divided by 1047?
1027
What is the remainder when 17931 is divided by 106?
17
What is the remainder when 1314 is divided by 254?
44
What is the remainder when 17965 is divided by 151?
147
What is the remainder when 971 is divided by 221?
87
What is the remainder when 1854 is divided by 141?
21
Calculate the remainder when 100827 is divided by 2.
1
What is the remainder when 6471 is divided by 285?
201
What is the remainder when 18422 is divided by 286?
118
Calculate the remainder when 972 is divided by 45.
27
Calculate the remainder when 21679 is divided by 162.
133
What is the remainder when 4402 is divided by 202?
160
Calculate the remainder when 83473 is divided by 128.
17
Calculate the remainder when 29346 is divided by 18.
6
What is the remainder when 7486 is divided by 3602?
282
What is the remainder when 2031 is divided by 676?
3
Calculate the remainder when 24725 is divided by 215.
0
What is the remainder when 6208 is divided by 1238?
18
Calculate the remainder when 426932 is divided by 801.
800
Calculate the remainder when 2422 is divided by 1753.
669
Calculate the remainder when 237902 is divided by 142.
52
What is the remainder when 132740 is divided by 149?
130
What is the remainder when 2580087 is divided by 30?
27
Calculate the remainder when 5737 is divided by 30.
7
What is the remainder when 362304 is divided by 109?
97
Calculate the remainder